(t) = 4*t**3 + t**2 - t. Suppose 15*s = 9*s. Let a = 10 + -4. Suppose s = -3*u - 3 + a. Determine b(u).
4
Let n(p) = -11*p - 2. Let g(k) = -2*k**2 - 28*k - 28. Let u be g(-13). Determine n(u).
20
Let m be (-12)/(-10)*(-20)/(-6). Suppose -m*p = -p. Let f(q) = 0 - 3 + p + q. What is f(3)?
0
Let t(j) = 7*j. Let o be t(1). Let x(y) = y**3 - 6*y**2 - 6*y - 3. What is x(o)?
4
Let m(q) = -q**3 + 5*q**2 - 2*q - 2. Let p(r) = -12*r + 1. Let h be p(1). Let t = h - -14. Determine m(t).
10
Let g(v) = 7*v - 1. Suppose -2*k = -3*y - 4, 5*k - y = 6 + 4. Let m be k - 0/3 - 1. Determine g(m).
6
Let f be 6/(-27) + (-924)/(-27). Suppose f = 5*j - 11. Let l(q) = -j*q**2 + 6*q**2 - q**3 + 6 + 3*q - q**2. Give l(-4).
-6
Let n(s) = -5*s**3 + s**2 + s. Let c(b) = b**2 + 3*b - 1. Let h be c(-3). Let g be h/(-2)*(-12)/6. What is n(g)?
5
Let g(h) = -3*h + 0*h - 3 - 3*h. Calculate g(-2).
9
Suppose 2 = -2*a, 3*a - 22 = -4*n - 65. Let h(c) = c**2 + 10*c + 7. Determine h(n).
7
Let h(u) = u**3 - 5*u**2 - 5*u - 6. Let c be 2/5 + 5 + 18/30. Determine h(c).
0
Let j(p) be the first derivative of 2*p**3/3 - 4*p + 61. What is j(3)?
14
Let h(n) be the first derivative of 3*n**2/2 - 4*n + 4. Let p be h(0). Let w(y) = -4*y + 4. Let g(c) = 7*c - 7. Let s(m) = 3*g(m) + 5*w(m). What is s(p)?
-5
Let q = -15 - -21. Suppose 0 = 3*z - 2*z + q. Let k(v) = -v**3 - 5*v**2 + 8*v. Determine k(z).
-12
Let a be -3 + 5 - 1/(-1). Let j(o) = -o + a*o - 7 - 3*o. Let s be 2/(-4)*(0 + 0). Determine j(s).
-7
Let o(s) = 14*s**3 - s. Let g be 10/(-25) - (-6)/(-10). Determine o(g).
-13
Let d(t) = 2*t - 2. Let w(m) = -1. Let z(n) = -d(n) + 5*w(n). What is z(6)?
-15
Let f = 11 + -8. Let a(v) = -v + f*v + 4 - v. Let y(k) = -k - 10. Let o be y(-5). What is a(o)?
-1
Let j(o) = 2*o**2 + 2*o - 3. Let f = 1 - 10. Let l = -12 - f. Calculate j(l).
9
Let h(n) = -11 - 8 - 10 - n**2 + 24 - n. What is h(0)?
-5
Suppose -5*k - 2*g - 11 = -3*g, 3*k + 8 = 2*g. Let b(n) = -n**2 + n - 1. Give b(k).
-7
Let a(t) = 0 - 3 - t**2 + 7 + 14*t + 0. Give a(14).
4
Let w(q) = -q**3 + q**2 + q. Let v(i) = -3*i**3 + 6*i**2 - 2*i + 3. Let b(f) = v(f) - 2*w(f). Give b(3).
0
Suppose v + 2*m - 5*m - 7 = 0, 5 = -5*m. Let b(q) = -q**3 - 4*q**2 + 2*q - 2*q + 2*q + 2*q**3 + v. Let y be 2 + 1 + 2 + -2. What is b(y)?
1
Let x(q) = 4*q - 3*q + 0*q + 1. Let r(l) = l**3 + 4*l**2 + 4. Let w be r(-4). Determine x(w).
5
Let y(j) be the third derivative of j**5/20 + j**4/12 + j**3/6 + j**2. Let p be 10/(-4) - 6/(-4). Give y(p).
2
Let w(s) = -s**2 + 3. Suppose 2*t + 20 = -2*t. Let c(d) = d**3 + 4*d**2 - 2*d + 7. Let o be c(t). Let h = o + 8. Give w(h).
3
Let k(m) = m - 1. Let g(b) = -11*b + 4. Let t(q) = -g(q) - 4*k(q). Calculate t(-2).
-14
Let g(w) be the second derivative of 4*w**3/3 - 5*w**2/2 + 3*w. What is g(4)?
27
Let g(u) = 2*u**2 + 5*u**2 - 6*u**2 - 1. Suppose -3*c = 4*n - 5, 3*c - 3*n + 5 = -2*n. Let t = 1 + c. Calculate g(t).
-1
Let c(t) be the first derivative of -t**4/4 + 5*t**3/3 + 3*t**2 - 6*t + 13. Calculate c(5).
24
Let s(q) be the second derivative of -q**3 - q**2 + 7*q. Suppose -2*a = 2*a - 28. Let y(g) = g - 9. Let u be y(a). Give s(u).
10
Let t(o) be the third derivative of o**6/60 - o**5/20 + o**4/12 - 14*o**2. Calculate t(2).
8
Let k(x) = 9*x**2 - x + 3 - x**3 - 2*x - 6*x. What is k(8)?
-5
Let a(u) = u**3 - u - 2. Suppose -2*o = -5*o. Calculate a(o).
-2
Suppose -6*s = 2*s - 48. Let q(f) = 4*f - 7. Give q(s).
17
Let b(p) = -p**3 - 4*p**2 + 5*p - 4. Let f = -17 - -12. Let d be b(f). Let l(j) be the first derivative of -j**2 - 4*j + 1. What is l(d)?
4
Let w(r) = -r - 14. Let n be w(-8). Let s(l) be the third derivative of -l**5/60 - 5*l**4/24 - 17*l**2. What is s(n)?
-6
Let b(h) = -5*h + 4. Let s(a) = -1 - a + 0 + 2 + 0*a. Let p(k) = -b(k) + 6*s(k). Determine p(-2).
4
Let p be (-2)/(3 - (-100)/(-32)). Let v = p + -21. Let r(b) = b + 1. What is r(v)?
-4
Let z(x) be the first derivative of x**5/60 - x**4/6 + 2*x**2 - 5. Let f(b) be the second derivative of z(b). Give f(3).
-3
Let v(p) = p**2 - 2*p - 3. Let s(k) = k**2. Let r be s(2). Suppose 11 = r*w + 3. Suppose -w*c - h = 2, -3*c + 6 = -4*c + 2*h. What is v(c)?
5
Let d = 15 + -9. Suppose -3*u + u = -d. Let x(w) be the first derivative of -3*w**2/2 + 4*w - 9. Determine x(u).
-5
Let m(f) = f**2 + 7*f - 1. Suppose 3 = r, -2*r + 49 = -5*w + r. What is m(w)?
7
Let d(x) = -5*x**2 - 6*x + 1 + 21*x - 13*x. Determine d(-2).
-23
Let c(x) = -4 - 37*x + 34*x - 3 + 4 - 4*x**2 + x**3. Calculate c(5).
7
Let c = -170 - -169. Let f(n) = 11*n**3 + n**2 - 1. Calculate f(c).
-11
Let k = 0 - -6. Let c(h) = h**2 - 6*h + 3. Let g be c(k). Let s(a) be the second derivative of -a**3/3 + 2*a**2 + 4*a. Determine s(g).
-2
Let o(s) be the first derivative of -2*s**2 + 7. Give o(-2).
8
Let h(s) = -3*s**2 + 2*s + s**2 - s**2. Suppose -2*d = -0*d - 14. Let v be -4*((-14)/4)/d. Give h(v).
-8
Let b(u) = u - 1. Let d(c) = -14*c + 3. Let v(f) = 3*b(f) + d(f). Determine v(-1).
11
Let v(x) = 5 + 2*x + 5*x - 3. Determine v(-2).
-12
Suppose 4*m - 5*p - 3 = 0, 3 = 5*m + 4*p - 11. Let c(j) = -6*j**2 + 8*j**2 + 2*j - 3 + 2. Calculate c(m).
11
Let d be 1 + -14 + (-1 - -1). Let v = 8 + d. Let w(f) = -4*f**3 + 5*f + 3. Let a(g) = -5*g**3 - g**2 + 6*g + 3. Let x(s) = 5*a(s) - 6*w(s). Give x(v).
-3
Let w(p) = -8*p**3 - 9*p**2 + 5*p + 3. Let t(i) = -7*i**3 - 8*i**2 + 5*i + 3. Let r(m) = 7*t(m) - 6*w(m). Give r(-3).
-3
Let v(s) = 6*s**3 - 5*s + 1. Let y(j) = -j**3 - j**2 + j - 1. Let i(m) = v(m) + 5*y(m). Determine i(5).
-4
Let v(p) = p**3 - p**2 - p + 8. Let m(y) = -y**2 - 4*y + 5. Let w be m(-5). What is v(w)?
8
Let d(z) = -7 + 5*z - 3*z + 5 + 4*z. What is d(-3)?
-20
Let w(u) = u**2 + 9*u + 2. Let q be w(-9). Let d be (-18)/(-12) + q/4. Let s(n) = n - 3. What is s(d)?
-1
Let i(a) = -a - 4. Let f(r) = r + 4. Let p be f(0). Suppose 0 = -6*n + p*n - 16. Let b(w) = w + 5. Let x be b(n). Calculate i(x).
-1
Suppose -9*g = -8*g - 2*i - 19, -i = -5*g + 59. Let n(l) = -l**3 + 10*l**2 + 10*l + 9. Determine n(g).
-2
Let j(n) = -n**2 + n - 2. Suppose -3*h = -0 - 18. Let t(z) = z - 17. Let s be t(-10). Let m be h/s - (-58)/18. What is j(m)?
-8
Let p = 1 - -1. Suppose -p = -m - 6. Let j(v) = -v + v - 3 - 3*v. Calculate j(m).
9
Let q(l) = -l**3 + 7*l**2 - 7*l + 9. Let w be q(6). Suppose 5*h = -3*d + 1 - 4, -h + w = -3*d. Let x(g) = -8*g - 1. Calculate x(d).
7
Suppose 0 = -2*k - 8, -5*x + 3*k = -k - 1. Let n(p) = -p**3 - 2*p**2 + 4*p + 1. Give n(x).
-2
Suppose -4*k = 18 + 18. Let h(j) = -j**2 - 9*j + 1. Determine h(k).
1
Let h(p) be the third derivative of -p**5/120 + p**3/2 - 2*p**2. Let k(j) be the first derivative of h(j). Let u = -4 - -6. Determine k(u).
-2
Let k(b) = 7*b**3 - 2*b**2 - 4*b + 7. Let f(h) be the first derivative of 5/3*h**3 - 15/4*h**4 - 15*h + 3 + 4*h**2. Let v(z) = -6*f(z) - 13*k(z). Give v(-5).
4
Let q(v) = 4*v**2 - 4*v - 3. Let l(n) = n**2 - n - 1. Let d(o) = -3*l(o) + q(o). Calculate d(0).
0
Let m(t) = t + 1. Suppose -11*u + 15 = -6*u. Give m(u).
4
Suppose 2*i = -4*n, 4*i + i - 3*n = 0. Let s(k) = -k + 3. Let h(d) be the first derivative of -3*d**2/2 + 8*d + 8. Let r(z) = 4*h(z) - 11*s(z). What is r(i)?
-1
Let u = 31 - 32. Let a(w) = 7*w. Let s(m) = m. Let p(q) = -a(q) + 6*s(q). Calculate p(u).
1
Let r(j) = -j**3 + 3*j**2 + j - 1. Let m(s) = s**2 - 5*s - 4. Let z be m(7). Let i be 2/(-10) + 68/(-10). Let q = i + z. Determine r(q).
2
Let w(a) be the third derivative of a**4/24 - 2*a**3/3 + 2*a**2 + 1. Determine w(3).
-1
Suppose 0 = -2*q - q. Let d(w) be the first derivative of q*w + 1/3*w**3 + 2 - 5/2*w**2. Calculate d(4).
-4
Let u(y) be the first derivative of -y**2/2 + 2*y + 10. Determine u(6).
-4
Let a(o) be the second derivative of -o**5/20 - 7*o**4/12 - 5*o**3/6 - o**2/2 + 3*o. What is a(-6)?
-7
Suppose v = -4*v - 2*d + 60, 36 = 3*v - 2*d. Suppose 0*u = -2*u - v. Let n(z) = -z - 1. Let r be n(u). Let t(y) = -y**3 + 4*y**2 + 5*y - 5. Determine t(r).
-5
Let f(r) = r**3 + 8*r**2 + 8*r + 10. Suppose 3*w = 6*w + 21. Let k be f(w). Let j(y) = -2*y + 3. Give j(k).
-3
Let m(i) = i**3 + i**2 - i - 13. Let s(c) = -c**2 + 1. Let n(d) = -m(d) - 5*s(d). Let p(g) = 2*g**3 - 7*g**2 - 3*g - 17. Let y(j) = 5*n(j) + 2*p(j). Give y(6).
0
Let p(o) = -9*o - 5. Let m(t) = 18*t + 11. Let q(d) = -3*m(d) - 7*p(d). Give q(-2).
-16
Suppose 4*u - 